*2. What are the prime factors of a(13)?
2, 31
Suppose -2*u + 562 = -3*q + 3113, q - 2*u = 857. List the prime factors of q.
7, 11
Let l(y) = -y**3 + 2*y**2 + 2*y + 2. Let c be l(3). List the prime factors of (-1 - (-3 - 4)) + c.
5
Suppose 4*z + 0*u + 3*u - 5991 = 0, 0 = -4*z - 4*u + 5992. What are the prime factors of z?
3, 499
Suppose -5*a + 1495 = -0*a. Suppose 2190 = -12*i + 42*i. Suppose -5*l = -3*w - a - i, -20 = 5*w. List the prime factors of l.
2, 3
Let k = -10 + 12. Let q = 0 - k. Let p(n) = 3*n**2 - 4*n - 5. List the prime factors of p(q).
3, 5
Suppose -q - 4*j + 298 - 30 = 0, 5*q - j = 1445. List the prime factors of q.
2, 3
Suppose -2*v = 3*v - 15. Suppose -2 = 2*s - 2*t, -v*s - 25 = 2*s + 5*t. What are the prime factors of ((-105)/28)/(s/16)?
2, 5
Suppose -f + u = -1959, -123 = -2*f + 3*u + 3796. What are the prime factors of f?
2, 11, 89
Suppose -27*b - 42552 = -51*b. What are the prime factors of b?
3, 197
Suppose 0 = -17*t + 20*t - 9. Suppose d = -t*d + 8. Suppose 2*z + 5*v - 78 = 0, -z + d*z - v - 46 = 0. What are the prime factors of z?
2, 11
Suppose 0 = -20*w + 17*w + 2940. Suppose -210 + w = 7*x. List the prime factors of x.
2, 5, 11
Let p be ((-1)/(-4)*-2)/(2/(-24)). Suppose p*o - 155 = 259. What are the prime factors of o?
3, 23
Let w(k) = 2*k + 5. Let u be w(0). Suppose 12 = u*v + 2. List the prime factors of 18 + (v - 5) + 2.
17
Suppose 3*i + 40 - 7 = 0. Let m(b) = -b**3 - 12*b**2 - 2*b + 14. Let t be m(i). Let k = 129 + t. What are the prime factors of k?
2, 11
Suppose -145*a + 614 = -144*a. List the prime factors of a.
2, 307
Let x be -22 + 22 + -1 + -1. List the prime factors of x/(-3)*5/((-40)/(-156)).
13
Let n = -17 + 7. Let v = 54 + n. What are the prime factors of v?
2, 11
Let j be (-12)/(-27) + (-320)/72. Suppose -4*t - 1 + 5 = 0. List the prime factors of (t + (-18)/4)*j.
2, 7
Let g = 1063 - 574. List the prime factors of g.
3, 163
Suppose u - 72 = -5*p, u + 2*u - 232 = p. Let f = u - 38. What are the prime factors of f?
3, 13
Suppose s + 0 = -9. List the prime factors of (-1662)/(-54) + (-2)/s.
31
Suppose 0 = 5*g - 5*s + 3705, 2*g + g = -s - 2235. Let r = -518 - g. What are the prime factors of r?
2, 113
Let o = -21 + 24. Let f = 2 + o. What are the prime factors of ((-6)/(-15))/(f/575)?
2, 23
Suppose -8 = 2*q, 5*q + 661 = 2*h - 291. What are the prime factors of h?
2, 233
Let w(v) = v**3 - 7*v**2 - 7*v - 3. Let u be w(8). Suppose 0 = -4*c - g + 15, 0*c = u*c - 4*g - 45. Suppose -12 = -c*r + 4*r. What are the prime factors of r?
2, 3
What are the prime factors of (-9)/18*-802 - 4?
397
Let g(b) be the third derivative of b**5/12 + 5*b**4/12 + 5*b**3/6 - 2*b**2. What are the prime factors of g(-4)?
3, 5
Suppose 3*h = 4*t + 34, 0 = -h - 2*h + 3*t + 30. List the prime factors of h.
2, 3
Let w(h) = 5*h**2 - 27*h + 148. List the prime factors of w(15).
2, 7, 31
Suppose 3*k - 7 = -1. Suppose 2*b = 10, 2*j + k*b - 5*b = 69. What are the prime factors of j?
2, 3, 7
Let y be 1*(-2)/4*6*-1. What are the prime factors of y/9 - 393/(-9)?
2, 11
Let c be (3 - 2)/((-2)/(-4)). Suppose -u + c*u = 0, -t = u - 69. What are the prime factors of t?
3, 23
Let g(w) = -w**2 - 13*w - 1. Let t be g(-13). List the prime factors of (38 - 4)*t/(-2) + -3.
2, 7
Let y = -17 - -17. Suppose y = -3*n + 9 + 3. Let q(b) = 2*b**2 - 5*b + 8. List the prime factors of q(n).
2, 5
Suppose 19*r = 14*r + 5. List the prime factors of (-1)/((r - 4)/306).
2, 3, 17
Let b = -43 - 19. Let d = 143 + b. List the prime factors of d.
3
Suppose -6*m - 158 - 34 = 0. Let x = -18 - m. List the prime factors of x.
2, 7
Suppose 78 = -3*w + 2*w. Let q be w/(-4) + (-2)/4. List the prime factors of 2/(-4) + q/2.
3
Let p = -5 - 2. Let d = -10 - p. Let i = d - -28. What are the prime factors of i?
5
List the prime factors of (3242/(-4))/(5/(-50)*5).
1621
Suppose 0 = g - 7 + 5. Let t(n) = -n + 5*n - 3*n + g*n. What are the prime factors of t(2)?
2, 3
Let a = -37 + 1438. What are the prime factors of a?
3, 467
Let i(y) = 3*y + 8. Let n be (0 + 8)*3/4. Let p be i(n). Suppose -3*z = -2*z - p. What are the prime factors of z?
2, 13
Let r(u) = -u**3 + 3*u**2 + 5*u - 2. Suppose -y - 2 = -h, 8 = y + 3*y. List the prime factors of r(h).
2
Suppose -5*m = 2*y + 31, y + 0*m = 5*m + 7. Let v(d) = d**2 - 19*d + 8. What are the prime factors of v(y)?
2, 7
Let c = -123 - -177. Let r = -100 + 96. What are the prime factors of (8/(-12))/(r/c)?
3
Suppose -8*f = -13*f + 5*p + 1970, -3*p + 3 = 0. What are the prime factors of f?
5, 79
Suppose 2*v - 36 - 48 = 4*h, h = 5*v - 12. Let r = 76 + h. What are the prime factors of r?
2, 3
Let j(i) = -2 + 2 + 48*i**2 - 27*i**2 - i. List the prime factors of j(1).
2, 5
Suppose -r - 4 = -2*r. Let a be r - (4/(-4) + 2). Suppose -7*n + a*n = -52. What are the prime factors of n?
13
Suppose 0 = 26*v - 22*v - 6324. List the prime factors of v.
3, 17, 31
Suppose -4 = -4*d + 3*x, -5*d = -3*d - 4*x - 12. Let w be -3*(d/(-1) + -3). Suppose w*j - 4*g - 34 = 2*j, -5*j - 5*g = -45. List the prime factors of j.
2, 7
Suppose 7 = 2*u - 1. Suppose 0 = u*c - 31 - 57. What are the prime factors of c?
2, 11
Suppose -5*u = 5*j - 9240, -2*j - 5529 = -4*u + 1857. What are the prime factors of u?
1847
Let i be (-12)/66 + 24/11. Let c = 9 - 6. Suppose 3*p + 14 = 4*t, c = i*p - 1. What are the prime factors of t?
5
Let i(b) = b**3 + 6*b**2 - 7*b - 3. Let f be i(-7). What are the prime factors of f + 1/(4/252)?
2, 3, 5
Let g(f) = f**3 - 5*f**2 + 4*f - 11. Let b be g(5). Suppose 5*o - 242 = -2*m - b, 670 = 5*m - 5*o. What are the prime factors of m?
3, 43
Suppose -23*r = -3083 - 49357. What are the prime factors of r?
2, 3, 5, 19
Let k(n) = 263*n**2 + n. Let l be k(-1). Suppose 2*f = l - 52. What are the prime factors of f?
3, 5, 7
List the prime factors of (1955/(-92))/(4 - 68/16).
5, 17
Let w = -12 + 22. Suppose u + u + w = 0. What are the prime factors of u/((-5)/3)*5?
3, 5
Suppose 0*i - 3*i - 8 = -5*b, -5*i + 28 = 2*b. Let q(m) = -m**3 + 5*m**2 + 2*m - 5. List the prime factors of q(i).
19
Let d be 0/3 + 24/8. Suppose -158 = -2*x - 5*g + g, -d*x + 237 = 2*g. What are the prime factors of x?
79
Let c(k) = k**3 - 12*k**2 + 10*k + 11. Let f be c(11). Let x be (132/(-8) - f)*-2. Let i = -8 + x. List the prime factors of i.
5
Let p(t) = -7*t**2 + t. Let z be p(1). Suppose 2*k + 178 = 52. List the prime factors of 4/6*k/z.
7
Suppose 3*d - 127 = 2*p, -3*p = -2*d - 3 + 186. Let f = -43 - -11. Let y = f - p. What are the prime factors of y?
3
Suppose -4*d + 0*d + 80 = 0. Suppose 2*g - 7*g = d. Let n(w) = w**2 + 5. List the prime factors of n(g).
3, 7
List the prime factors of 167359/290 - (-1)/(-10).
577
Let p = 3946 + -1879. What are the prime factors of p?
3, 13, 53
Let x = 76 - 96. What are the prime factors of 5/10*-8 - x?
2
Let c = 39 - 35. Suppose c = 2*g - 10. List the prime factors of g.
7
Let k = 8 - 5. Let i(u) = 2*u**2 - 2. Let j be i(-2). Suppose -5 = c - 4*b, k*c + b - j*b - 6 = 0. List the prime factors of c.
7
Let g(n) be the first derivative of 25*n**2/2 - 13*n + 9. What are the prime factors of g(4)?
3, 29
Let s(p) = -19*p - 9. Suppose -t + 2 - 1 = -d, 0 = -3*t - 3*d - 15. List the prime factors of s(t).
29
Let v(k) = k**3 + 13*k**2 + 7*k + 7. Let l be v(-13). List the prime factors of 12/l + 239/7.
2, 17
Let s(c) = 0*c**2 + 0*c**2 - 20*c + 2*c**2 - 3*c**2 - 15. Suppose f + 15 - 36 = m, -2*m - 45 = -3*f. What are the prime factors of s(m)?
3, 7
Let a(m) = m**2 + 13*m - 536. What are the prime factors of a(-42)?
2, 11, 31
Let a be 48/(-30)*30/3. Let j = a + 28. List the prime factors of j.
2, 3
Suppose 6 - 4 = 2*h, 3*b = -4*h + 2383. List the prime factors of b.
13, 61
Suppose 3*y = -l + 8, -2*y - 2*l + 0*l = 0. Suppose 3*c - 262 = -2*m, 22 - 6 = y*c. List the prime factors of m.
5
Let m(t) = 20*t**2 + 90*t + 28. Let w(x) = -7*x**2 - 30*x - 9. Let d(n) = 5*m(n) + 14*w(n). List the prime factors of d(-20).
2, 107
Let w be (4/(-10))/(2/(-15)). Suppose f - 4*r = -31, r + 17 = f - w*f. Let o = -3 - f. List the prime factors of o.
2
Let d(l) = 3*l**3 - 5*l**2 + 6*l + 1. Let r be d(4). Let k = 254 - r. What are the prime factors of k?
3, 13
Suppose 2*k = 8 + 8. Suppose 10*o - k*o = 112. Suppose 0 = 2*y - 3*q - 17, 0*q - o = -5*y + 3*q. What are the prime factors of y?
13
L